{"id":18,"date":"2010-03-19T12:52:12","date_gmt":"2010-03-19T12:52:12","guid":{"rendered":"http:\/\/lptms.u-psud.fr\/alberto_rosso\/?page_id=18"},"modified":"2024-01-26T16:14:53","modified_gmt":"2024-01-26T16:14:53","slug":"presentation","status":"publish","type":"page","link":"http:\/\/www.lptms.universite-paris-saclay.fr\/alberto_rosso\/","title":{"rendered":"HOME"},"content":{"rendered":"<div class=\"wp-block-image\">\n<figure class=\"alignright size-large is-resized\"><a href=\"http:\/\/lptms.u-psud.fr\/alberto_rosso\/files\/2010\/03\/albe_foto2.jpg\"><img decoding=\"async\" src=\"https:\/\/www.lptms.universite-paris-saclay.fr\/files\/2023\/05\/rossor-rond-3.png\" alt=\"albe_foto2\" style=\"aspect-ratio:0.9976076555023924;width:273px;height:auto\" \/><\/a><\/figure><\/div>\n\n\n<p><br><em>I am Directeur de Recherche<\/em> CNRS&nbsp; at the University Paris-Saclay.<br>My research is focused on the effect of disorder in soft and hard condensed matter systems.<\/p>\n\n\n\n<p><strong>Contact information<\/strong><br>Laboratoire Physique Th\u00e9orique et Mod\u00e8les Statistiques (LPTMS),<br>B\u00e2timent Pascal n\u00b0 530,<br>rue Andr\u00e9 Rivi\u00e8re , 91405 Orsay (France)<br>phone: +33 (0)1 69 15 31 79<br>fax: +33 (0)1 69 15 65 25<br><a href=\"mailto:alberto.rosso74@gmail.com\">alberto.rosso74@gmail.com<\/a><\/p>\n","protected":false},"excerpt":{"rendered":"<p>I am Directeur de Recherche CNRS&nbsp; at the University Paris-Saclay.My research is focused on the effect of disorder in soft and hard condensed matter systems. Contact informationLaboratoire Physique Th\u00e9orique et Mod\u00e8les Statistiques (LPTMS),B\u00e2timent Pascal n\u00b0 530,rue Andr\u00e9 Rivi\u00e8re , 91405 &hellip; <a href=\"http:\/\/www.lptms.universite-paris-saclay.fr\/alberto_rosso\/\">Continuer la lecture <span class=\"meta-nav\">&rarr;<\/span><\/a><\/p>\n","protected":false},"author":1,"featured_media":0,"parent":0,"menu_order":0,"comment_status":"closed","ping_status":"closed","template":"","meta":{"footnotes":""},"class_list":["post-18","page","type-page","status-publish","hentry"],"_links":{"self":[{"href":"http:\/\/www.lptms.universite-paris-saclay.fr\/alberto_rosso\/wp-json\/wp\/v2\/pages\/18","targetHints":{"allow":["GET"]}}],"collection":[{"href":"http:\/\/www.lptms.universite-paris-saclay.fr\/alberto_rosso\/wp-json\/wp\/v2\/pages"}],"about":[{"href":"http:\/\/www.lptms.universite-paris-saclay.fr\/alberto_rosso\/wp-json\/wp\/v2\/types\/page"}],"author":[{"embeddable":true,"href":"http:\/\/www.lptms.universite-paris-saclay.fr\/alberto_rosso\/wp-json\/wp\/v2\/users\/1"}],"replies":[{"embeddable":true,"href":"http:\/\/www.lptms.universite-paris-saclay.fr\/alberto_rosso\/wp-json\/wp\/v2\/comments?post=18"}],"version-history":[{"count":46,"href":"http:\/\/www.lptms.universite-paris-saclay.fr\/alberto_rosso\/wp-json\/wp\/v2\/pages\/18\/revisions"}],"predecessor-version":[{"id":370,"href":"http:\/\/www.lptms.universite-paris-saclay.fr\/alberto_rosso\/wp-json\/wp\/v2\/pages\/18\/revisions\/370"}],"wp:attachment":[{"href":"http:\/\/www.lptms.universite-paris-saclay.fr\/alberto_rosso\/wp-json\/wp\/v2\/media?parent=18"}],"curies":[{"name":"wp","href":"https:\/\/api.w.org\/{rel}","templated":true}]}}