{"id":846,"date":"2012-05-24T12:48:11","date_gmt":"2012-05-24T12:48:11","guid":{"rendered":"http:\/\/lptms.u-psud.fr\/christophe_texier\/?page_id=846"},"modified":"2023-09-04T15:37:17","modified_gmt":"2023-09-04T15:37:17","slug":"l1-mecanique-du-point-et-optique-geometrique","status":"publish","type":"page","link":"http:\/\/www.lptms.universite-paris-saclay.fr\/christophe_texier\/enseignements\/enseignement-en-licence\/l1-mecanique-du-point-et-optique-geometrique\/","title":{"rendered":"L1 &#8211; M\u00e9canique du point et optique g\u00e9om\u00e9trique"},"content":{"rendered":"<h3>Enseignement dans l&rsquo;ex S1SM. (2000-2004)<\/h3>\n<ul>\n<li>Travaux pratiques.<\/li>\n<li>Travaux dirig\u00e9s. <a href=\"\/christophe_texier\/files\/2010\/03\/polys1sm2003.pdf\">Polycopi\u00e9 de TD<\/a><\/li>\n<\/ul>\n","protected":false},"excerpt":{"rendered":"<p>Enseignement dans l&rsquo;ex S1SM. (2000-2004) Travaux pratiques. Travaux dirig\u00e9s. Polycopi\u00e9 de TD<\/p>\n","protected":false},"author":7,"featured_media":0,"parent":77,"menu_order":80,"comment_status":"closed","ping_status":"closed","template":"","meta":{"footnotes":""},"class_list":["post-846","page","type-page","status-publish","hentry"],"_links":{"self":[{"href":"http:\/\/www.lptms.universite-paris-saclay.fr\/christophe_texier\/wp-json\/wp\/v2\/pages\/846","targetHints":{"allow":["GET"]}}],"collection":[{"href":"http:\/\/www.lptms.universite-paris-saclay.fr\/christophe_texier\/wp-json\/wp\/v2\/pages"}],"about":[{"href":"http:\/\/www.lptms.universite-paris-saclay.fr\/christophe_texier\/wp-json\/wp\/v2\/types\/page"}],"author":[{"embeddable":true,"href":"http:\/\/www.lptms.universite-paris-saclay.fr\/christophe_texier\/wp-json\/wp\/v2\/users\/7"}],"replies":[{"embeddable":true,"href":"http:\/\/www.lptms.universite-paris-saclay.fr\/christophe_texier\/wp-json\/wp\/v2\/comments?post=846"}],"version-history":[{"count":6,"href":"http:\/\/www.lptms.universite-paris-saclay.fr\/christophe_texier\/wp-json\/wp\/v2\/pages\/846\/revisions"}],"predecessor-version":[{"id":2743,"href":"http:\/\/www.lptms.universite-paris-saclay.fr\/christophe_texier\/wp-json\/wp\/v2\/pages\/846\/revisions\/2743"}],"up":[{"embeddable":true,"href":"http:\/\/www.lptms.universite-paris-saclay.fr\/christophe_texier\/wp-json\/wp\/v2\/pages\/77"}],"wp:attachment":[{"href":"http:\/\/www.lptms.universite-paris-saclay.fr\/christophe_texier\/wp-json\/wp\/v2\/media?parent=846"}],"curies":[{"name":"wp","href":"https:\/\/api.w.org\/{rel}","templated":true}]}}