{"id":99,"date":"2019-03-31T12:19:33","date_gmt":"2019-03-31T10:19:33","guid":{"rendered":"http:\/\/lptms.u-psud.fr\/computing\/?page_id=99"},"modified":"2026-01-29T12:19:31","modified_gmt":"2026-01-29T11:19:31","slug":"services-documentaires","status":"publish","type":"page","link":"http:\/\/www.lptms.universite-paris-saclay.fr\/computing\/services-documentaires\/","title":{"rendered":"Resources"},"content":{"rendered":"\n<p><a href=\"https:\/\/www.lptms.universite-paris-saclay.fr\/computing\/electronic-journals\/\" data-type=\"page\" data-id=\"1362\">Electronic Journals<\/a><br><a href=\"\/acces-restreint\/revues-en-ligne\/\">Electronic Journals in Lab<\/a><br><a href=\"https:\/\/www.lptms.universite-paris-saclay.fr\/wiki-internes\/index.php\/Freely_available_programming_books\">Freely available programming books<\/a><\/p>\n\n\n\n<hr class=\"wp-block-separator has-alpha-channel-opacity\"\/>\n\n\n\n<p class=\"has-blue-color has-text-color has-link-color wp-elements-aa52c51125d7633561d2f8481380bbbf\"><a href=\"https:\/\/ods.cnrs.fr\/sdrive.php\">Cloud of CNRS<\/a><br><a href=\"https:\/\/securite-informatique.dsi.universite-paris-saclay.fr\/vpn\/vpn.htm\" data-type=\"link\" data-id=\"https:\/\/securite-informatique.dsi.universite-paris-saclay.fr\/vpn\/vpn.htm\" target=\"_blank\" rel=\"noreferrer noopener\">VPN of Universit\u00e9 Paris-Saclay<\/a><br><a href=\"https:\/\/www.lptms.universite-paris-saclay.fr\/wiki-internes\/index.php\/Connexion_%C3%A0_distance_au_laboratoire\" data-type=\"link\" data-id=\"https:\/\/www.lptms.universite-paris-saclay.fr\/wiki-internes\/index.php\/Connexion_%C3%A0_distance_au_laboratoire\">Connect to LPTMS<\/a><br><a href=\"https:\/\/portail.universite-paris-saclay.fr\" data-type=\"link\" data-id=\"https:\/\/portail.universite-paris-saclay.fr\" target=\"_blank\" rel=\"noreferrer noopener\">Portail of Universit\u00e9 Paris-Saclay<\/a><br><a href=\"https:\/\/magelan.cnrs.fr\/\" data-type=\"link\" data-id=\"https:\/\/magelan.cnrs.fr\/\" target=\"_blank\" rel=\"noreferrer noopener\">Portail of CNRS<\/a><br><strong>VisioConf\u00e9rence:<\/strong><br>&#8211; <a href=\"https:\/\/orsay.bbb.cnrs.fr\/b\">BBB<\/a><br>&#8211; <a href=\"https:\/\/rendez-vous.renater.fr\/home\/\">Rendez-Vous<\/a><br>&#8211; <a href=\"https:\/\/visio.numerique.gouv.fr\/\">Visio DINUM<\/a><\/p>\n\n\n\n<hr class=\"wp-block-separator has-alpha-channel-opacity\"\/>\n\n\n\n<p><a href=\"https:\/\/meteo.dsi.cnrs.fr\/\" target=\"_blank\" rel=\"noreferrer noopener\">Availability of CNRS digital services<\/a><br><a href=\"https:\/\/informations.dsi.universite-paris-saclay.fr\/\" data-type=\"link\" data-id=\"https:\/\/informations.dsi.universite-paris-saclay.fr\/\" target=\"_blank\" rel=\"noreferrer noopener\">State of University digital services<\/a><br><a href=\"http:\/\/hebergement.u-psud.fr\/batiment-pascal\/\">R\u00e9servation des salles<\/a><\/p>\n","protected":false},"excerpt":{"rendered":"<p>Electronic JournalsElectronic Journals in LabFreely available programming books Cloud of CNRSVPN of Universit\u00e9 Paris-SaclayConnect to LPTMSPortail of Universit\u00e9 Paris-SaclayPortail of CNRSVisioConf\u00e9rence:&#8211; BBB&#8211; Rendez-Vous&#8211; Visio DINUM Availability of CNRS digital servicesState of University digital servicesR\u00e9servation des salles<\/p>\n","protected":false},"author":1,"featured_media":0,"parent":0,"menu_order":0,"comment_status":"closed","ping_status":"closed","template":"","meta":{"footnotes":""},"class_list":["post-99","page","type-page","status-publish","hentry"],"_links":{"self":[{"href":"http:\/\/www.lptms.universite-paris-saclay.fr\/computing\/wp-json\/wp\/v2\/pages\/99","targetHints":{"allow":["GET"]}}],"collection":[{"href":"http:\/\/www.lptms.universite-paris-saclay.fr\/computing\/wp-json\/wp\/v2\/pages"}],"about":[{"href":"http:\/\/www.lptms.universite-paris-saclay.fr\/computing\/wp-json\/wp\/v2\/types\/page"}],"author":[{"embeddable":true,"href":"http:\/\/www.lptms.universite-paris-saclay.fr\/computing\/wp-json\/wp\/v2\/users\/1"}],"replies":[{"embeddable":true,"href":"http:\/\/www.lptms.universite-paris-saclay.fr\/computing\/wp-json\/wp\/v2\/comments?post=99"}],"version-history":[{"count":31,"href":"http:\/\/www.lptms.universite-paris-saclay.fr\/computing\/wp-json\/wp\/v2\/pages\/99\/revisions"}],"predecessor-version":[{"id":1777,"href":"http:\/\/www.lptms.universite-paris-saclay.fr\/computing\/wp-json\/wp\/v2\/pages\/99\/revisions\/1777"}],"wp:attachment":[{"href":"http:\/\/www.lptms.universite-paris-saclay.fr\/computing\/wp-json\/wp\/v2\/media?parent=99"}],"curies":[{"name":"wp","href":"https:\/\/api.w.org\/{rel}","templated":true}]}}