{"id":775,"date":"2012-03-28T09:51:58","date_gmt":"2012-03-28T09:51:58","guid":{"rendered":"http:\/\/lptms.u-psud.fr\/gregory-schehr\/?page_id=36"},"modified":"2025-07-06T14:54:44","modified_gmt":"2025-07-06T14:54:44","slug":"seminars-and-conferences","status":"publish","type":"page","link":"http:\/\/www.lptms.universite-paris-saclay.fr\/gregory-schehr\/seminars-and-conferences\/","title":{"rendered":"Seminars and conferences"},"content":{"rendered":"<h2>Organisation of seminars<\/h2>\n<p>From 2008 to 2015 I co-organized\u00a0the monthly seminar of the PHYSTAT-SUD Federation. It was a common seminar of Condensed Matter and Statistical Physics of the different labs of Theoretical Physics in the South of Paris. These include the <a href=\"http:\/\/ipht.cea.fr\/\" target=\"_blanck\" rel=\"noopener\"> Institut de Physique Th\u00e9orique <\/a> in Saclay, the <a href=\"http:\/\/lptms.u-psud.fr\/\" target=\"_blanck\" rel=\"noopener\"> Laboratoire de Physique Th\u00e9orique et Mod\u00e8les Statistiques <\/a> and the <a href=\"http:\/\/www.th.u-psud.fr\/\" target=\"_blanck\" rel=\"noopener\">Laboratoire de Physique Th\u00e9orique <\/a> in Orsay. A (partial) list of the seminars can be found <a href=\"http:\/\/semparis.lpthe.jussieu.fr\/list?date=8&amp;seriescodes=65&amp;institute=*&amp;subject=All&amp;searchfield=Orateur&amp;searchpattern=\"> here <\/a>.<\/p>\n<p>From 2008 to 2016, I co-organized with Claude Godr\u00e8che a <a href=\"http:\/\/ipht.cea.fr\/Pisp\/claude.godreche\/\" target=\"_blanck\" rel=\"noopener\"> workgroup <\/a> on Stochastic processes and non-equilibrium dynamics.<\/p>\n<h2>Organisation of schools and conferences<\/h2>\n<ul>\n<li>In May 2011, I have co-organized, with <a href=\"http:\/\/www.proba.jussieu.fr\/pageperso\/donati\/donati.html\" target=\"_blanck\" rel=\"noopener\"> Catherine Donati-Martin <\/a> and <a href=\"http:\/\/www-fourier.ujf-grenoble.fr\/%7Epeche\/\" target=\"_blanck\" rel=\"noopener\">Sandrine P\u00e9ch\u00e9 <\/a> a school in Les Houches on <a href=\"http:\/\/www-fourier.ujf-grenoble.fr\/%7Epeche\/Houches.html\" target=\"_blanck\" rel=\"noopener\"> \u00ab\u00a0Vicious walkers and random matrices\u00a0\u00bb<\/a>.<\/li>\n<li>In June 2011, I have co-organized with <a href=\"http:\/\/ipht.cea.fr\/Pisp\/claude.godreche\/\" target=\"_blanck\" rel=\"noopener\"> Claude Godr\u00e8che <\/a> and <a href=\"http:\/\/lptms.u-psud.fr\/membres\/majumdar\/\" target=\"_blanck\" rel=\"noopener\"> Satya Majumdar <\/a> the 16th Itzykson meeting on <a href=\"http:\/\/lptms.u-psud.fr\/workshop\/itzykson16\/\" target=\"_blanck\" rel=\"noopener\"> Extremes and Records<\/a>.<\/li>\n<li>In October 2014, I have co-organized a conference in honor of Alain Comtet, <a href=\"http:\/\/lptms.u-psud.fr\/workshop\/comtet2014\/\" target=\"_blank\" rel=\"noopener\">Syst\u00e8mes d\u00e9sordonn\u00e9s et processus stochastiques.\u00a0<\/a><\/li>\n<li>In July 2015, I have co-organized, with <a href=\"http:\/\/www.thp.uni-koeln.de\/alexal\/\" target=\"_blank\" rel=\"noopener\">Alex Altland<\/a>, <a href=\"http:\/\/www.maths.qmul.ac.uk\/~yan\/\" target=\"_blank\" rel=\"noopener\">Yan V. Fyodorov<\/a> and <a href=\"http:\/\/www2.warwick.ac.uk\/fac\/sci\/maths\/people\/staff\/neil_oconnell\/\" target=\"_blank\" rel=\"noopener\">Neil O&rsquo;Connell<\/a>, \u00a0a Summer School in Les Houches on\u00a0<a href=\"http:\/\/lptms.u-psud.fr\/workshop\/randmat\/\" target=\"_blank\" rel=\"noopener\">Stochastic Processes and Random Matrices<\/a>.<\/li>\n<li>In October 2016, I was in the Advisory Scientific Committee of the\u00a0<a href=\"http:\/\/www.th.u-psud.fr\/RGP16\/\" target=\"_blank\" rel=\"noopener\">2nd French Russian Conference Random Geometry and Physics<\/a><\/li>\n<li>In June 2018, I have co-organized, with <a href=\"http:\/\/www-syscom.univ-mlv.fr\/~najim\/\">Jamal Najim<\/a> and <a href=\"http:\/\/www.cmapx.polytechnique.fr\/~benaych\/\">Florent Benaych-Georges<\/a>, \u00a0a one-day <a href=\"http:\/\/lptms.u-psud.fr\/gdr-mega\/\">Workshop on Random Matrices<\/a>\u00a0at University Paris-Descartes<\/li>\n<li>In Autumn 2022, I have co-organized, with Christophe Dellago, Satya N. Majumdar, David Mukamel and Harald Posch, a program at the Erwin Schr\u00f6dinger Institute (Vienna) on <a href=\"https:\/\/www.esi.ac.at\/events\/e431\/\">Large Deviations, Extremes and Anomalous Transport in Non-equilibrium Systems<\/a><\/li>\n<li>In Summer 2024, I have co-organized, with Abhishek Dhar, Joachim Krug, Satya N. Majumdar and Alberto Rosso, a Summer School in Les Houches on the <a href=\"http:\/\/www.lptms.universite-paris-saclay.fr\/leshouches2024\/\">Theory of Large Deviations and Applications<\/a><\/li>\n<li>In Summer 2025, I have co-organized a summer school at IHES on <a href=\"https:\/\/indico.math.cnrs.fr\/event\/12319\/overview\">Statistical Aspects of Nonlinear Physics<\/a><\/li>\n<\/ul>\n","protected":false},"excerpt":{"rendered":"<p>Organisation of seminars From 2008 to 2015 I co-organized\u00a0the monthly seminar of the PHYSTAT-SUD Federation. It was a common seminar of Condensed Matter and Statistical Physics of the different labs of Theoretical Physics in the South of Paris. These include &hellip; <a href=\"http:\/\/www.lptms.universite-paris-saclay.fr\/gregory-schehr\/seminars-and-conferences\/\">Continuer la lecture <span class=\"meta-nav\">&rarr;<\/span><\/a><\/p>\n","protected":false},"author":1,"featured_media":0,"parent":0,"menu_order":500,"comment_status":"closed","ping_status":"open","template":"","meta":{"footnotes":""},"class_list":["post-775","page","type-page","status-publish","hentry"],"_links":{"self":[{"href":"http:\/\/www.lptms.universite-paris-saclay.fr\/gregory-schehr\/wp-json\/wp\/v2\/pages\/775","targetHints":{"allow":["GET"]}}],"collection":[{"href":"http:\/\/www.lptms.universite-paris-saclay.fr\/gregory-schehr\/wp-json\/wp\/v2\/pages"}],"about":[{"href":"http:\/\/www.lptms.universite-paris-saclay.fr\/gregory-schehr\/wp-json\/wp\/v2\/types\/page"}],"author":[{"embeddable":true,"href":"http:\/\/www.lptms.universite-paris-saclay.fr\/gregory-schehr\/wp-json\/wp\/v2\/users\/1"}],"replies":[{"embeddable":true,"href":"http:\/\/www.lptms.universite-paris-saclay.fr\/gregory-schehr\/wp-json\/wp\/v2\/comments?post=775"}],"version-history":[{"count":3,"href":"http:\/\/www.lptms.universite-paris-saclay.fr\/gregory-schehr\/wp-json\/wp\/v2\/pages\/775\/revisions"}],"predecessor-version":[{"id":911,"href":"http:\/\/www.lptms.universite-paris-saclay.fr\/gregory-schehr\/wp-json\/wp\/v2\/pages\/775\/revisions\/911"}],"wp:attachment":[{"href":"http:\/\/www.lptms.universite-paris-saclay.fr\/gregory-schehr\/wp-json\/wp\/v2\/media?parent=775"}],"curies":[{"name":"wp","href":"https:\/\/api.w.org\/{rel}","templated":true}]}}