{"id":6,"date":"2018-01-17T12:14:17","date_gmt":"2018-01-17T11:14:17","guid":{"rendered":"http:\/\/lptms.u-psud.fr\/physbio2018\/?page_id=6"},"modified":"2024-05-14T10:10:41","modified_gmt":"2024-05-14T08:10:41","slug":"program","status":"publish","type":"page","link":"http:\/\/www.lptms.universite-paris-saclay.fr\/physbio2022\/program\/","title":{"rendered":"Program"},"content":{"rendered":"<p>The conference dinner will take place in the evening of Tue. Jun. 28th at ENS Paris-Saclay.<br \/>\nYou may also download the program as a <a href=\"http:\/\/lptms.u-psud.fr\/physbio2022\/files\/2022\/06\/PhysBio2022_program.pdf\">file<\/a>, as well as the <a href=\"http:\/\/lptms.u-psud.fr\/physbio2022\/files\/2022\/06\/Abstract_book.pdf\">book of abstracts<\/a>.<\/p>\n<h3>Mon. Jun. 27th morning (Chair: Francois Treussart)<\/h3>\n<table border=\"none\" width=\"100%\">\n<tbody>\n<tr>\n<td width=\"30%\">10:15 | <a href=\"https:\/\/www.pharm.ox.ac.uk\/team\/nigel-emptage\">Nigel Emptage<\/a><\/td>\n<td width=\"70%\">Department of Pharmacology, University of Oxford, United Kingdom<b>Photonic strategies for the study of synapse form and function<\/b><\/td>\n<\/tr>\n<tr>\n<td width=\"30%\">11:00 | <a href=\"https:\/\/www.ibens.ens.fr\/spip.php?article46&amp;lang=en\">Cathie Ventalon<\/a><\/td>\n<td width=\"70%\">Biology Institute, Ecole Normale Sup\u00e9rieure de Paris, France<b>High-speed recording of neuronal activity in freely-behaving mice using confocal fluorescence imaging<\/b><\/td>\n<\/tr>\n<tr>\n<td width=\"30%\">11:45 | <a href=\"https:\/\/www.dzne.de\/forschung\/forschungsbereiche\/grundlagenforschung\/forschungsgruppen\/amin\/forschungsschwerpunkte\/\">Hayder Amin<\/a><\/td>\n<td width=\"70%\">German Center for Neurodegenerative Diseases, Dresden, Germany<b>Decoding Multiscale Brain Computations through Advanced Neurotools<\/b><\/td>\n<\/tr>\n<\/tbody>\n<\/table>\n<h3>Mon. Jun. 27th student session (Chair: Marie-Charlotte Chandeclerc)<\/h3>\n<table border=\"none\" width=\"100%\">\n<tbody>\n<tr>\n<td width=\"30%\">13:30 | <a href=\"http:\/\/www.ismo.universite-paris-saclay.fr\/spip.php?rubrique32&amp;lang=fr\">Abigail Illand<\/a><\/td>\n<td width=\"70%\">ISMO, University of Paris-Saclay, France<b>Time modulated excitation for enhanced 3D fluorescence Nanoscopy<\/b><\/td>\n<\/tr>\n<tr>\n<td width=\"30%\">13:45 | <a href=\"https:\/\/si2.lpem.espci.fr\/home\/people\/\">Sophia Imperato<\/a><\/td>\n<td width=\"70%\">ESPCI, Paris, France<b>Adaptive optics for in-depth neuroimaging<\/b><\/td>\n<\/tr>\n<tr>\n<td width=\"30%\">14:00 | <a href=\"https:\/\/www.ucl.ac.uk\/biosciences\/news\/2021\/dec\/dr-adam-shellard-awarded-bscb-postdoc-research-medal-2022\">Adam Shellard<\/a><\/td>\n<td width=\"70%\">Department of Cell and Developmental Biology, University College London, UK<b>Making and following a stiffness gradient in the embryo<\/b><\/td>\n<\/tr>\n<tr>\n<td width=\"30%\">14:15 | <a href=\"https:\/\/curie.fr\/personne\/achille-joliot14:15\">Achille Jolliot<\/a><\/td>\n<td width=\"70%\">Laboratoire Physico-Chimie Curie, Institut Curie, France<b>Transepithelial electrical potential can control inner ear hair-cells nonlinear mechanics<\/b><\/td>\n<\/tr>\n<\/tbody>\n<\/table>\n<h3>Mon. Jun. 27th afternoon (Chair: Arezki Boudaoud)<\/h3>\n<table border=\"none\" width=\"100%\">\n<tbody>\n<tr>\n<td width=\"30%\">16:30 | <a href=\"https:\/\/www.bpm.ph.tum.de\/research\/\">Karen Alim<\/a><\/td>\n<td width=\"70%\">Physics Department, Technische Universit\u00e4t M\u00fcnchen, Germany<b>How flows shape life<\/b><\/td>\n<\/tr>\n<tr>\n<td width=\"30%\">17:15 | <a href=\"https:\/\/team.inria.fr\/virtualplants\/christophe-godin\/\">Christophe Gaudin<\/a><\/td>\n<td width=\"70%\">Plant Reproduction and Development Laboratory, ENS Lyon, France<b>Cauliflowers and the genetic origin of fractals in plants<\/b><\/td>\n<\/tr>\n<\/tbody>\n<\/table>\n<h3>Tue. Jun. 28th morning (Chairs: Mireille B\u00e9termier\/Marie-Claire Scanne-Klein)<\/h3>\n<table border=\"none\" width=\"100%\">\n<tbody>\n<tr>\n<td width=\"30%\">09:00 | <a href=\"https:\/\/www.biologie.ens.fr\/~reingrub\/index.html\">J\u00fcrgen Reingruber<\/a><\/td>\n<td width=\"70%\">Group of data modeling and computational biology, IBENS, France<b>How rod and cone photoreceptors in the retina sustain vision: insights from biophysical modeling<\/b><\/td>\n<\/tr>\n<tr>\n<td width=\"30%\">09:45 | <a href=\"https:\/\/irp.nih.gov\/pi\/frederick-dyda\">Frederick Dyda<\/a><\/td>\n<td width=\"70%\">Laboratory of Molecular Biology, National Institute of Diabetes and Digestive and Kidney Diseases, National Institutes of Health, USA<b>The three-dimensional structure of a Helitron DNA transposase: Cryo-EM meets Alphafold<\/b><\/td>\n<\/tr>\n<tr>\n<td width=\"30%\">11:00 | <a href=\"http:\/\/ilm-perso.univ-lyon1.fr\/~tdehoux\/\">Thomas Dehoux<\/a><\/td>\n<td width=\"70%\">Institut Lumi\u00e8re Mati\u00e8re, Universit\u00e9 de Lyon, France<b>Brillouin microscopy\u00a0: stiffness, and so much more<\/b><\/td>\n<\/tr>\n<tr>\n<td width=\"30%\">11:45 | <a href=\"https:\/\/research.pasteur.fr\/en\/member\/nathalie-sauvonnet\/\">Nathalie Sauvonnet<\/a><\/td>\n<td width=\"70%\">Pasteur Institute, Paris, France<b>Impact of tissue microenvironment and mechanical forces of the gut on pathogens invasion<\/b><\/td>\n<\/tr>\n<\/tbody>\n<\/table>\n<h3>Tue. Jun. 28th student session (Chair: Marie Minoves\/Baptiste Grimaud)<\/h3>\n<table border=\"none\" width=\"100%\">\n<tbody>\n<tr>\n<td width=\"30%\">13:30 | <a href=\"https:\/\/www.ladhyx.polytechnique.fr\/en\/membres\/postdoc\">Valentin Laplaud<\/a><\/td>\n<td width=\"70%\">LadHyX, Ecole Polytechnique, France<b>Parallelized plant morphogenesis in a controlled microfluidic environment<\/b><\/td>\n<\/tr>\n<tr>\n<td width=\"30%\">13:45 | <a href=\"https:\/\/www.mpg.de\/6661546\/heart-lung-research-stainier\">Ma\u00eblle Bellec<\/a><\/td>\n<td width=\"70%\">Max Planck Institute for Heart and Lung Research, Bad Nauheim, Germany<b>Visualisation of translation in space and time in a developing embryo<\/b><\/td>\n<\/tr>\n<tr>\n<td width=\"30%\">14:00 | <a href=\"https:\/\/www.bauschlab.org\/samuel\">Samuel Randriamanantsoa<\/a><\/td>\n<td width=\"70%\">Physics Department, Technische Universit\u00e4t M\u00fcnchen, Germany<b>Spatiotemporal dynamics of self-organized branching in pancreas-derived organoids<\/b><\/td>\n<\/tr>\n<tr>\n<td width=\"30%\">14:15 | <a href=\"https:\/\/ist.ac.at\/en\/research\/hannezo-group\/\">Mehmet Can Ucar<\/a><\/td>\n<td width=\"70%\">Institute of Science and Technology, Austria<b>Guidance and optimization in branching morphogenesis<\/b><\/td>\n<\/tr>\n<\/tbody>\n<\/table>\n<h3>Tue. Jun. 28th afternoon (Chair: Guillaume Montagnac)<\/h3>\n<table border=\"none\" width=\"100%\">\n<tbody>\n<tr>\n<td width=\"30%\">16:30 | <a href=\"https:\/\/www.ucl.ac.uk\/lmcb\/users\/yanlan-mao\">Yanlan Mao<\/a><\/td>\n<td width=\"70%\">MRC Laboratory for Molecular Cell Biology, University College London, UK<b>Coping with mechanical stress: tissue dynamics during development, homeostasis and repair<\/b><\/td>\n<\/tr>\n<tr>\n<td width=\"30%\">17:15 | <a href=\"https:\/\/www.tudelft.nl\/tnw\/over-faculteit\/afdelingen\/bionanoscience\/about-the-department\/profdr-gijsje-koenderink\">Gijsje Koenderink<\/a><\/td>\n<td width=\"70%\">AMOLF, Department of Living Matter, Biological Soft Matter group, Amsterdam, Netherlands<b>How cytoskeletal crosstalk shapes the cell<\/b><\/td>\n<\/tr>\n<tr>\n<td width=\"30%\">18:00 | <a href=\"http:\/\/www.unige.ch\/sciences\/biochimie\/labs\/aurelien-roux\/research\/\">Aur\u00e9lien Roux<\/a><\/td>\n<td width=\"70%\">School of Chemistry and Biochemistry, University of Geneva, Switzerland<b>In vitro morphogenesis of cellular tornadoes<\/b><\/td>\n<\/tr>\n<\/tbody>\n<\/table>\n<h3>Wed. Jun. 29th morning (Chairs: Yves Gaudin\/Xavier Ma\u00eetre)<\/h3>\n<table border=\"none\" width=\"100%\">\n<tbody>\n<tr>\n<td width=\"30%\">9:00 | <a href=\"https:\/\/www.jacobs-university.de\/directory\/mwinterhalter\">Mathias Winterhalter<\/a><\/td>\n<td width=\"70%\">Department of Life Sciences &amp; Chemistry, Jacobs University Bremen, Germany<b>Quantifying the uptake of antibiotics into Gram-negative bacteria<\/b><\/td>\n<\/tr>\n<tr>\n<td width=\"30%\">09:45 | <a href=\"https:\/\/bscs.umcg.nl\/en\/people\/mark-hipp\/\">Mark Hipp<\/a><\/td>\n<td width=\"70%\">University of Groningen, The Netherlands <b>Toxic Protein Aggregation and Phase Separation<\/b><\/td>\n<\/tr>\n<tr>\n<td width=\"30%\">11:00 | <a href=\"https:\/\/www.nmr.mgh.harvard.edu\/user\/7496\">Samuel Patz<\/a><\/td>\n<td width=\"70%\">Harvard Medical School, Boston, USA<b>Imaging Brain Function with Magnetic Resonance Elastography<\/b><\/td>\n<\/tr>\n<tr>\n<td width=\"30%\">11:45 | <a href=\"http:\/\/cbm.cnrs-orleans.fr\/en\/contact\/jakab-toth-eva-2\/\">Eva Jakab Toth<\/a><\/td>\n<td width=\"70%\">Centre de Biophysique Mol\u00e9culaire, Universit\u00e9 d&rsquo;Orl\u00e9ans, France<b>Metal complexes for biomedical imaging<\/b><\/td>\n<\/tr>\n<\/tbody>\n<\/table>\n<h3>Wed. Jun. 29th student session (Chair: Lara Koehler)<\/h3>\n<table border=\"none\" width=\"100%\">\n<tbody>\n<tr>\n<td width=\"30%\">13:30 | <a href=\"https:\/\/www.pmmh.espci.fr\/?-People-\">Lucile Rabiet<\/a><\/td>\n<td width=\"70%\">PMMH, ESPCI, France<b>Culture of cell spheroids in acoustic levitation<\/b><\/td>\n<\/tr>\n<tr>\n<td width=\"30%\">13:45 | <a href=\"https:\/\/fr.u-paris.fr\/laboratoires\/matiere-et-systemes-complexes\">Ir\u00e8ne Nagle<\/a><\/td>\n<td width=\"70%\">Laboratoire Mati\u00e8re et Syst\u00e8mes Complexes, Universit\u00e9 de Paris Cit\u00e9, France<b>Magnetic muscular multicellular aggregates: focusing on fluid-like properties of tissue models and driving macroscopic organization <\/b><\/td>\n<\/tr>\n<tr>\n<td width=\"30%\">14:00 | <a href=\"https:\/\/sites.google.com\/view\/statbiophysens\/group?authuser=0\">Meriem Bensouda<\/a><\/td>\n<td width=\"70%\">Laboratoire de Physique, ENS, France<b>Statistical biophysics of T-cells immune repertoires<\/b><\/td>\n<\/tr>\n<\/tbody>\n<\/table>\n<h3>Wed. Jun. 29th afternoon (Chair: Karen Perronet)<\/h3>\n<table border=\"none\" width=\"100%\">\n<tbody>\n<tr>\n<td width=\"30%\">14:45 | <a href=\"https:\/\/www.lcmcp.cnrs.fr\/sites\/franciscomfernandes\/the-team\/\">Francisco Fernandes<\/a><\/td>\n<td width=\"70%\">Laboratoire de Chimie de la Mati\u00e8re Condens\u00e9e de Paris, Sorbonne University, France<b>Directional freezing of biological matter: implications in biofabrication and cryobiology<\/b><\/td>\n<\/tr>\n<tr>\n<td width=\"30%\">15:30 | <a href=\"https:\/\/zandilab.ucr.edu\/\">Roya Zandi<\/a><\/td>\n<td width=\"70%\">Department of Physics and Astronomy, University of California, Riverside, USA<b>Virus Assembly Pathways Inside a Host Cell<\/b><\/td>\n<\/tr>\n<\/tbody>\n<\/table>\n","protected":false},"excerpt":{"rendered":"<p>The conference dinner will take place in the evening of Tue. Jun. 28th at ENS Paris-Saclay. You may also download the program as a file, as well as the book of abstracts. Mon. Jun. 27th morning (Chair: Francois Treussart) 10:15 &hellip; <a href=\"http:\/\/www.lptms.universite-paris-saclay.fr\/physbio2022\/program\/\">Continuer la lecture <span class=\"meta-nav\">&rarr;<\/span><\/a><\/p>\n","protected":false},"author":1,"featured_media":0,"parent":0,"menu_order":2,"comment_status":"closed","ping_status":"closed","template":"","meta":{"footnotes":""},"class_list":["post-6","page","type-page","status-publish","hentry"],"_links":{"self":[{"href":"http:\/\/www.lptms.universite-paris-saclay.fr\/physbio2022\/wp-json\/wp\/v2\/pages\/6","targetHints":{"allow":["GET"]}}],"collection":[{"href":"http:\/\/www.lptms.universite-paris-saclay.fr\/physbio2022\/wp-json\/wp\/v2\/pages"}],"about":[{"href":"http:\/\/www.lptms.universite-paris-saclay.fr\/physbio2022\/wp-json\/wp\/v2\/types\/page"}],"author":[{"embeddable":true,"href":"http:\/\/www.lptms.universite-paris-saclay.fr\/physbio2022\/wp-json\/wp\/v2\/users\/1"}],"replies":[{"embeddable":true,"href":"http:\/\/www.lptms.universite-paris-saclay.fr\/physbio2022\/wp-json\/wp\/v2\/comments?post=6"}],"version-history":[{"count":27,"href":"http:\/\/www.lptms.universite-paris-saclay.fr\/physbio2022\/wp-json\/wp\/v2\/pages\/6\/revisions"}],"predecessor-version":[{"id":492,"href":"http:\/\/www.lptms.universite-paris-saclay.fr\/physbio2022\/wp-json\/wp\/v2\/pages\/6\/revisions\/492"}],"wp:attachment":[{"href":"http:\/\/www.lptms.universite-paris-saclay.fr\/physbio2022\/wp-json\/wp\/v2\/media?parent=6"}],"curies":[{"name":"wp","href":"https:\/\/api.w.org\/{rel}","templated":true}]}}